 -r*t = -t - 36. What is the remainder when t is divided by 13?
10
Let g = 47 - 43. Let n = 39 + -28. Calculate the remainder when n is divided by g.
3
Let k(r) = 22*r - 9. Let o be k(5). Let g = o - 69. What is the remainder when g is divided by 11?
10
Let x(m) = -1 + 10 + 19*m + 14*m - 3*m. What is the remainder when x(4) is divided by 33?
30
Let v(o) = -2*o**3 - 2*o**2 + 1. Let n be v(1). Let m be n + (-2)/(-2) - -4. What is the remainder when ((-25)/(m - 3))/1 is divided by 9?
7
Suppose -415*c = -417*c + 46. Calculate the remainder when 135 is divided by c.
20
Let k(c) = c**2 - c - 1. Let f be k(5). Let s be (-19)/(-7) - 6/(-21). What is the remainder when f/(s*(-1)/(-9)) is divided by 20?
17
Suppose -4*o + 81 = -o - 5*a, -5*a = 0. Calculate the remainder when 700 is divided by o.
25
Let s = 60 - 41. Let k = -47 + 49. Suppose -5*x + 369 = -k*m, 17 = -x - m + 88. Calculate the remainder when x is divided by s.
16
Calculate the remainder when 557 is divided by (11 - 19)*28/(-2).
109
Suppose -61 = -3*c + 2*c - g, -2*c - 4*g = -124. What is the remainder when 109 is divided by c?
49
Let o = -34 + 100. Let l(n) = 10*n + 23. Calculate the remainder when o is divided by l(0).
20
Let j = 104 + -9. Suppose -4*c = -x - 127, -5*x = 3*c - 56 - 22. Let p = 55 - c. What is the remainder when j is divided by p?
23
Let b = 350 + -258. Calculate the remainder when 822 is divided by b.
86
Suppose -55*x + 60*x = 70. Let l(v) = 3*v**2 - 2*v - 7. Let d(y) = -y**2 - y + 1. Let m(j) = -2*d(j) - l(j). What is the remainder when x is divided by m(4)?
4
Let x(m) = -m**2 + 8*m - 15. Let h be x(5). What is the remainder when 14 is divided by h - 6*8/(-12)?
2
Let g = -31 - -75. Let d = 35 - 33. Suppose -3*a + 26 = 4*w - 37, -5*w + 73 = -d*a. Calculate the remainder when g is divided by w.
14
Let o be (4 - 10/(-3))*6. Let c = o - 37. Calculate the remainder when 27 is divided by c.
6
Suppose i + 29 = 5*p - 5, -5*i - 8 = 2*p. Calculate the remainder when 17 is divided by p.
5
Suppose 10*y + 2 = 9*y, v = y + 56. Calculate the remainder when v is divided by 12.
6
Let z be 5 - (-2 - (-2 + 0)). Let d = z + -2. Suppose 2*v = 3*l - 13, l = -0*l - v + 1. Calculate the remainder when l is divided by d.
0
Let k be 4/4 + -3 - -1. What is the remainder when 8 is divided by k/(2/6*-1)?
2
Suppose 0 = u - 5, 3*t + 0*u + 18 = 3*u. Let b = 23 + -14. What is the remainder when (-2)/(-2)*-1 + 36 + t is divided by b?
7
Let l be (-28)/(-6) - (-7)/21. Suppose 42 = l*w + w. What is the remainder when 20 is divided by w?
6
Let g = -1 + 1. Suppose -6*q + 3*t + 45 = -3*q, g = -3*q + t + 41. Suppose -2*a = 916 - 924. What is the remainder when q is divided by a?
1
Calculate the remainder when 9 is divided by 210/(-35)*(-1)/3.
1
Let f = 1115 - 1074. Calculate the remainder when 1229 is divided by f.
40
Suppose -4*l - 15 = -3. What is the remainder when 4 is divided by 0/((-6)/(-2)) - l?
1
Let f(y) = y**2 - y - 7. Suppose -n + 6*n + 3*i = -27, 3*n - 3*i = 3. What is the remainder when (7/(-4))/(2/(-8)) is divided by f(n)?
2
Suppose 5*v - 119 = 3*t, 3*v + 4*t - 14 - 69 = 0. Let l(w) = 2*w**2 - w + 2. What is the remainder when l(5) is divided by v?
22
Let c(v) = 3*v**2 + 5*v - 14. Calculate the remainder when c(5) is divided by 20.
6
Suppose h - 3*s + 630 = 641, s = -3. What is the remainder when 14 is divided by h?
0
Let d = 654 + -531. What is the remainder when d is divided by 19?
9
Let p(r) = -5*r + 15. Let d be p(3). Suppose d = 2*a + 13*a - 240. Calculate the remainder when 110 is divided by a.
14
Suppose -8*x = -4*x - 20, 0 = -5*y - 2*x + 75. Let i(z) = z**3 - z**2 - 5*z + 4. What is the remainder when y is divided by i(3)?
6
Suppose -27*t = -39*t + 276. Calculate the remainder when 43 is divided by t.
20
Let s(j) = 6*j + 23. Let u(z) = -11*z - 46. Let d(v) = -7*s(v) - 4*u(v). Calculate the remainder when d(0) is divided by 14.
9
Suppose -k - 2*k = -3*h + 81, 4*h = -5*k + 144. Calculate the remainder when 52 is divided by h.
21
Let i = 58 - -5. Let r = 88 - i. What is the remainder when r is divided by 6?
1
Let t(u) = u**2 + 15*u - 34. Let c be t(-17). Suppose c = -4*d + 21 + 7. Calculate the remainder when 17 is divided by d.
3
Suppose -107*b - 1164 = -119*b. Calculate the remainder when b is divided by 34.
29
Suppose -p = 5*p + 264. What is the remainder when 30 is divided by (1 + (-6)/4)*p/2?
8
Suppose -3*y + 81 = 2*y - 34. Calculate the remainder when ((-75 + 1)/(-2))/1 is divided by y.
14
Suppose -2*x = -p + 102, 3*p + 4*x = -x + 350. Suppose 3*w - 426 = -w - 2*l, -p = -w + 3*l. Calculate the remainder when w is divided by 36.
35
Let i(d) = d**2 - 3*d + 1. What is the remainder when 40 - 32 - -1*23 is divided by i(5)?
9
Let m(i) = -33*i - 2. Let x be m(-7). Suppose 0 = -2*y - k + 146, 6*y - x = 3*y + k. Calculate the remainder when y is divided by 27.
21
Suppose -18 = -b + 13. Suppose 7*m - 30 = 2*m. Let p(n) = n**2 - 3*n - 1. Calculate the remainder when b is divided by p(m).
14
Let w(t) = -t**2 + 14*t + 5. What is the remainder when w(11) is divided by (168/(-14))/((-6)/4)?
6
Let p(m) = -m**3 + 32*m**2 - 86*m - 15. Calculate the remainder when 41 is divided by p(29).
13
Let n be (-2 + 104)*(-3)/(-6). Suppose 32*h = 31*h + n. What is the remainder when h is divided by 26?
25
Suppose 0 = 4*w - 5*o + 24, 2*w + o + 12 = 2*o. Let z = 25 + -13. Let s = w + z. What is the remainder when 7 is divided by s?
1
Let o = -513 - -544. What is the remainder when 60 is divided by o?
29
Let k(y) = 6 + 10*y + 132*y**3 - 1 - 133*y**3 - 10*y**2. Let u(o) = 14*o + 2. Calculate the remainder when u(2) is divided by k(-11).
14
Suppose k + k + 8 = -2*t, -20 = 5*t - 3*k. Let b = 254 + -127. Calculate the remainder when b is divided by 2/(-8)*t*32.
31
Suppose 0 = 9*g - 11329 + 11212. What is the remainder when 337 is divided by g?
12
Let g(c) = -2*c**2 + 61*c - 57. Calculate the remainder when g(25) is divided by 13.
10
Suppose 5*a - 16 = a. Suppose -a - 10 = -l. Let k = l - 5. What is the remainder when 16 is divided by k?
7
Calculate the remainder when 136 is divided by -26*(-3 - (7 - 7)).
58
Let h(p) = 3*p + 6. Let q be h(-2). Suppose 0 = 11*r - q*r - 88. What is the remainder when 27 is divided by r?
3
Suppose 4*i + 1 = -31. Calculate the remainder when 45 is divided by 2*-2 - (i - 8).
9
Let a(u) = -10*u - 17. Let m be a(-6). Let h = m + -35. Calculate the remainder when h is divided by 7.
1
Let t(d) = d**3 - 6*d**2 - 4*d - 5. Suppose 5*u = -6*k + 2*k + 27, 2*k + 25 = 3*u. Calculate the remainder when 94 is divided by t(u).
14
Let k(r) = -r + 3*r + 50*r**2 - 49*r**2 + 6. Let w(c) = 2*c + 1. Calculate the remainder when k(-7) is divided by w(5).
8
Let l be 1/(-5) + 231/55. Calculate the remainder when 75 is divided by l/5*195/6.
23
Suppose -x - 12 = -n, 4*n - 23 = 2*n + x. What is the remainder when (217/(-14))/(0 + 5/(-10)) is divided by n?
9
Suppose 8*w = -13*w + 9366. What is the remainder when w is divided by 30?
26
Suppose 2*r = 5*h - r - 24, 3*r + 12 = h. Calculate the remainder when 2/((-33)/39 + 1) is divided by h.
1
Let w = -111 + 184. What is the remainder when 109 is divided by w?
36
Let s(h) = 4*h**3 - 16*h**2 + 49*h + 7. Calculate the remainder when s(8) is divided by 15.
13
Let k = -1144 - -1153. Suppose 2*y = -3*y + 30. Calculate the remainder when k is divided by y.
3
Let f = -79 + 182. Calculate the remainder when f is divided by 35.
33
Suppose 30*q = 25760 - 1250. What is the remainder when q is divided by 13?
11
Let c(l) = l**2 - 7*l - 1. Let m(p) = -3*p - 4. Let x be m(-4). Suppose 4*k - 75 = k. What is the remainder when k is divided by c(x)?
4
Let i = -85 + 126. Calculate the remainder when 163 + 0/(-4 + 3) is divided by i.
40
Let d be (2/6)/(6/36). Suppose -d*j + 16 = 5*y - 3*j, 4*y = -4*j + 32. Suppose -1 - 29 = -3*s. Calculate the remainder when s is divided by y.
2
Let g = -78 + 103. What is the remainder when 72 is divided by g?
22
Let b(t) = -2*t**2 - 11*t + 44. Calculate the remainder when b(0) is divided by 16.
12
Suppose -8 = 2*m - 0. Let w = m - -2. Let c = 10 - w. Calculate the remainder when 45 is divided by c.
9
Let m(d) = 17*d - 411. What is the remainder when m(25) is divided by 8?
6
Let c(w) = -w**2 - 8*w + 15. What is the remainder when c(-7) is divided by 7?
1
Le